factors of 649971?
3, 7, 19, 181
What are the prime factors of 654805?
5, 173, 757
List the prime factors of 183446.
2, 37, 67
List the prime factors of 8497916.
2, 7, 303497
List the prime factors of 95493.
3, 139, 229
What are the prime factors of 10334364?
2, 3, 53, 16249
List the prime factors of 7832282.
2, 23, 170267
List the prime factors of 270082.
2, 83, 1627
List the prime factors of 323062.
2, 161531
List the prime factors of 502878.
2, 3, 83813
What are the prime factors of 364039?
13, 41, 683
List the prime factors of 12392869.
839, 14771
What are the prime factors of 12867218?
2, 7, 13, 19, 61
List the prime factors of 1158418.
2, 23, 25183
List the prime factors of 237193.
11, 21563
List the prime factors of 1252741.
7, 23, 31, 251
What are the prime factors of 673649?
673649
List the prime factors of 533913.
3, 31, 5741
List the prime factors of 3147604.
2, 786901
List the prime factors of 3118507.
7, 31, 2053
What are the prime factors of 10746556?
2, 947, 2837
What are the prime factors of 970832?
2, 47, 1291
What are the prime factors of 271505?
5, 13, 4177
List the prime factors of 153113.
153113
List the prime factors of 2015152.
2, 29, 43, 101
List the prime factors of 1682551.
13, 29, 4463
What are the prime factors of 1054181?
1054181
List the prime factors of 678522.
2, 3, 13, 8699
What are the prime factors of 288466?
2, 23, 6271
List the prime factors of 949607.
949607
List the prime factors of 176740.
2, 5, 8837
What are the prime factors of 917787?
3, 13, 101, 233
List the prime factors of 648749.
757, 857
List the prime factors of 260619.
3, 109, 797
List the prime factors of 177216.
2, 3, 13, 71
List the prime factors of 15607917.
3, 13, 53, 839
List the prime factors of 168299.
31, 61, 89
What are the prime factors of 1548016?
2, 31, 3121
List the prime factors of 27314.
2, 7, 1951
List the prime factors of 335151.
3, 12413
List the prime factors of 16123601.
13, 37, 33521
List the prime factors of 528495.
3, 5, 11, 3203
List the prime factors of 7166126.
2, 11, 283, 1151
List the prime factors of 2388243.
3, 11, 13, 19, 293
List the prime factors of 47295.
3, 5, 1051
What are the prime factors of 6541084?
2, 11, 47, 3163
What are the prime factors of 685656?
2, 3, 89, 107
What are the prime factors of 220382?
2, 101, 1091
What are the prime factors of 70241?
70241
What are the prime factors of 16432945?
5, 31, 106019
What are the prime factors of 22425200?
2, 5, 7, 8009
List the prime factors of 1831690.
2, 5, 7, 137, 191
List the prime factors of 2561472.
2, 3, 4447
What are the prime factors of 166933?
13, 12841
What are the prime factors of 606355?
5, 121271
List the prime factors of 9308640.
2, 3, 5, 11, 41, 43
List the prime factors of 3109065.
3, 5, 19, 10909
What are the prime factors of 193101?
3, 191, 337
List the prime factors of 20279617.
43, 471619
What are the prime factors of 7070857?
709, 9973
What are the prime factors of 5949222?
2, 3, 43, 23059
What are the prime factors of 463649?
463649
List the prime factors of 211695.
3, 5, 11, 1283
What are the prime factors of 745?
5, 149
What are the prime factors of 1250480?
2, 5, 7, 11, 29
List the prime factors of 11704902.
2, 3, 11, 177347
List the prime factors of 133644.
2, 3, 7, 37, 43
What are the prime factors of 14655597?
3, 11, 444109
List the prime factors of 812163.
3, 11, 24611
List the prime factors of 889542.
2, 3, 17, 19
List the prime factors of 1109625.
3, 5, 11, 269
What are the prime factors of 7718611?
29, 266159
List the prime factors of 1363583.
13, 104891
What are the prime factors of 2018820?
2, 3, 5, 33647
List the prime factors of 973977.
3, 97, 3347
What are the prime factors of 201256?
2, 11, 2287
What are the prime factors of 380366?
2, 7, 101, 269
What are the prime factors of 1414439?
13, 108803
List the prime factors of 488121.
3, 17, 563
List the prime factors of 389640.
2, 3, 5, 17, 191
What are the prime factors of 1103755?
5, 31, 7121
What are the prime factors of 2115238?
2, 797, 1327
What are the prime factors of 4232766?
2, 3, 705461
List the prime factors of 7283102.
2, 3641551
What are the prime factors of 6168401?
6168401
List the prime factors of 6231918.
2, 3, 7, 11, 41, 47
List the prime factors of 1895242.
2, 947621
What are the prime factors of 399807?
3, 31, 1433
List the prime factors of 8230413.
3, 1009, 2719
What are the prime factors of 593692?
2, 11, 103, 131
List the prime factors of 14685986.
2, 7, 277, 541
List the prime factors of 19709663.
19709663
List the prime factors of 199711.
41, 4871
What are the prime factors of 599526?
2, 3, 19, 1753
List the prime factors of 4974052.
2, 179, 6947
What are the prime factors of 962849?
23, 41863
List the prime factors of 6495261.
3, 41, 52807
List the prime factors of 744855.
3, 5, 17, 23, 127
What are the prime factors of 158874?
2, 3, 26479
What are the prime factors of 6612958?
2, 11, 300589
List the prime factors of 363627.
3, 11, 3673
What are the prime factors of 301846?
2, 37, 4079
List the prime factors of 72326.
2, 29, 43
List the prime factors of 20962.
2, 47, 223
What are the prime factors of 767081?
7, 109583
List the prime factors of 67751.
67751
What are the prime factors of 2183530?
2, 5, 67, 3259
List the prime factors of 580008.
2, 3, 11, 13
List the prime factors of 1480706.
2, 151, 4903
List the prime factors of 558655.
5, 111731
What are the prime factors of 1322370?
2, 3, 5, 7, 2099
What are the prime factors of 1042250?
2, 5, 11, 379
List the prime factors of 482261.
13, 37097
What are the prime factors of 12409052?
2, 19, 23, 31, 229
What are the prime factors of 567905?
5, 13, 8737
What are the prime factors of 25753612?
2, 6438403
What are the prime factors of 4064963?
7, 71, 8179
List the prime factors of 24038793.
3, 1493, 1789
What are the prime factors of 314530?
2, 5, 71, 443
What are the prime factors of 244225?
5, 9769
What are the prime factors of 8670200?
2, 5, 7, 11, 563
List the prime factors of 9248017.
17, 544001
What are the prime factors of 4918874?
2, 2459437
What are the prime factors of 346439?
346439
What are the prime factors of 1307574?
2, 3, 72643
List the prime factors of 90621.
3, 10069
List the prime factors of 1124909.
97, 11597
List the prime factors of 13056.
2, 3, 17
List the prime factors of 896877.
3, 227, 439
List the prime factors of 1117149.
3, 11, 97, 349
List the prime factors of 212656.
2, 13291
List the prime factors of 302514.
2, 3, 127, 397
List the prime factors of 6449109.
3, 2149703
List the prime factors of 124598.
2, 62299
List the prime factors of 93357.
3, 11, 23, 41
List the prime factors of 464637.
3, 61, 2539
What are the prime factors of 536480?
2, 5, 7, 479
What are the prime factors of 15663373?
11, 1423943
What are the prime factors of 56516?
2, 71, 199
What are the prime factors of 2842989?
3, 19, 49877
List the prime factors of 3586200.
2, 3, 5, 43, 139
What are the prime factors of 975565?
5, 59, 3307
List the prime factors of 26108799.
3, 263, 33091
What are the prime factors of 3060236?
2, 765059
List the prime factors of 3640118.
2, 23, 79133
List the prime factors of 28215.
3, 5, 11, 19
What are the prime factors of 2492980?
2, 5, 7, 17807
What are the prime factors of 54820?
2, 5, 2741
List the prime factors of 19506294.
2, 3, 233, 4651
List the prime factors of 552705.
3, 5, 36847
List the prime factors of 369723.
3, 251, 491
What are the prime factors of 195857?
17, 41, 281
List the prime factors of 61110.
2, 3, 5, 7, 97
What are the prime factors of 86776?
2, 10847
List the prime factors of 179281.
179281
What are the prime factors of 1255230?
2, 3, 5, 4649
What are the prime factors of 889756?
2, 7, 43, 739
What are the prime factors of 12898755?
3, 5, 37, 61, 127
List the prime factors of 61645.
5, 12329
What are the prime factors of 972190?
2, 5, 191, 509
What are the prime factors of 1280876?
2, 320219
What are the prime factors of 121349?
121349
List the prime factors of 42313068.
2, 3, 7, 17, 83
What are the prime factors of 35641?
29, 1229
List the prime factors of 3738736.
2, 181, 1291
List the prime factors of 12768477.
3, 4256159
List the prime factors of 6046520.
2, 5, 151163
What are the prime factors of 4451658?
2, 3, 61, 12163
What are the prime 